{"id":5552,"date":"2018-10-24T00:19:13","date_gmt":"2018-10-24T02:19:13","guid":{"rendered":"http:\/\/mixbrasil.org.br\/21\/?page_id=5552"},"modified":"2018-10-24T00:19:13","modified_gmt":"2018-10-24T02:19:13","slug":"ficha-tecnica","status":"publish","type":"page","link":"https:\/\/acervo.mixbrasil.org.br\/21\/ficha-tecnica\/","title":{"rendered":"Ficha T\u00e9cnica"},"content":{"rendered":"<table>\n<tbody>\n<tr>\n<td>\n<table border=\"0\" cellspacing=\"0\" cellpadding=\"0\">\n<tbody>\n<tr>\n<td class=\"rdz\" valign=\"top\" width=\"30%\"><b>DIRE\u00c7\u00c3O<br \/>\nDIRECTORS<br \/>\n<\/b>ANDR\u00c9 FISCHER<br \/>\nJO\u00c3O FEDERICI<\/p>\n<p><b>DIRETOR ART\u00cdSTICO<br \/>\nARTISTIC DIRECTOR<br \/>\n<\/b>JO\u00c3O FEDERICI<\/p>\n<p><b>COMIT\u00ca DE SELE\u00c7\u00c3O DE FILMES<br \/>\nFILM SELECTION COMMITTEE<br \/>\n<\/b>ANDR\u00c9 FISCHER<br \/>\nANDY GRAS<br \/>\nCHRISTIAN SAGHAARD<br \/>\nFELIPE DINIZ<br \/>\nJO\u00c3O FEDERICI<br \/>\nMICHAEL ST\u00dcTZ<\/p>\n<p><b>COORDENA\u00c7\u00c3O DE PROGRAMA\u00c7\u00c3O DE FILMES<br \/>\nFILM PROGRAM COORDINATOR<br \/>\n<\/b>FELIPE DINIZ<\/p>\n<p><b>COORDENA\u00c7\u00c3O DE PRODU\u00c7\u00c3O<br \/>\nPRODUCTION COORDINATOR<br \/>\n<\/b>JOSI GELLER<\/p>\n<p><b>PRODU\u00c7\u00c3O<br \/>\nPRODUCTION<br \/>\n<\/b>ANDR\u00c9 FISCHER<br \/>\nCLOVYS TORRES<br \/>\nFELIPE DINIZ<br \/>\nJO\u00c3O FEDERICI<br \/>\nJOSI GELLER<br \/>\nTHIAGO APOLINARIO (RJ)<\/p>\n<p><b>ASSISTENTES DE PRODU\u00c7\u00c3O<br \/>\nPRODUCTION ASSISTANTS<br \/>\n<\/b>TATIANE NUNES<br \/>\nFELIPE MATTAR<\/p>\n<p><b>TROF\u00c9U COELHO DE PRATA E OURO<br \/>\nSILVER AND GOLDEN RABBIT TROPHY<br \/>\n<\/b>DULIO FERRONATO<\/p>\n<p><b>DRAM\u00c1TICA EM CENA<br \/>\n<\/b>JO\u00c3O FEDERICI<\/p>\n<p><b>MESTRE DE CERIM\u00d4NIAS<br \/>\nMC<br \/>\n<\/b>FAB\u00cdULA NASCIMENTO<\/p>\n<p><b>SHOW DO GONGO<br \/>\n<\/b>Apresenta\u00e7\u00e3o<br \/>\nMARISA ORTH<\/p>\n<p><b>MIX MUSIC<br \/>\n<\/b>ANDR\u00c9 POMBA<br \/>\nHANILTON SCOFIELD<\/p>\n<p><b>GER\u00caNCIA DE ESPA\u00c7O CENTRO CULTURAL S\u00c3O PAULO<br \/>\nSPACE MANAGER CENTRO CULTURAL S\u00c3O PAULO<br \/>\n<\/b>CLOVYS TORRES<\/p>\n<p><b>T\u00c9CNICOS DPAE \/CENTRO CULTURAL S\u00c3O PAULO<br \/>\nDPAE TECHNICIANS CENTRO CULTURAL S\u00c3O PAULO<br \/>\n<\/b><i>ILUMINA\u00c7\u00c3O<\/i>\u00a0| LIGHTING: MARCO VASCONCELLOS (VASCO), MARCOS GUISELINI, ROBSON VALENTIM<br \/>\n<i>SONOPLASTIA<\/i>\u00a0| SOUND DESIGN: VANDERLEI CONTE, ADRIANA VIANA DE SOUSA, RONIVALDO RIOS<br \/>\n<i>PROJE\u00c7\u00c3O<\/i>\u00a0| PROJECTION: VALDECIR SOARES DE SOUZA, T\u00c1RCIO DOS SANTOS (M\u00c3OZINHA), ISRAEL FERREIRA, BENEDITO DE OLIVEIRA (BENE)<br \/>\n<i>CENOT\u00c9CNICA<\/i>\u00a0| SCENE TECHNICIANS: DENIS CHIMANSKI, MAUR\u00cdLIO ZUNHIGA, MIGUEL DEROSA, OSVALDO FERREIRA DIAS, RODRIGO CABRAL<\/p>\n<p><b>ADM. DE SALAS \/ CCSP<br \/>\nROOM MANAGEMENT\/CCSP<br \/>\n<\/b>CRISPIM DE OLIVEIRA, AGNALDO PAVONI,<br \/>\nPAULO ROBERTO JORD\u00c3O, MAUR\u00cdCIO LANZA<\/p>\n<p><b>COORDENADOR DE PALCOS<br \/>\nSTAGE COORDINATOR<br \/>\n<\/b>PAULO ALEXANDRE POMPEO (PEPE)<\/p>\n<p><b>COORDENADOR DE PRODU\u00c7\u00c3O | PRODUCTION COORDINATOR:<br \/>\n<\/b>ARTUR GOBBI<\/p>\n<p><b>ASSISTENTE DE PRODU\u00c7\u00c3O | PRODUCTION ASSISTANT:<br \/>\n<\/b>RODRIGO MALUF<\/td>\n<td valign=\"top\" width=\"5%\"><\/td>\n<td class=\"rdz\" valign=\"top\" width=\"30%\"><b>COORDENADOR DE AGENDA |<br \/>\nSCHEDULE COORDINATOR:<br \/>\n<\/b>LUIZ VITIELLO<\/p>\n<p><b>COORDENA\u00c7\u00c3O DE TRADU\u00c7\u00c3O E LEGENDAS<br \/>\nTRANSLATION AND SUBTITLES COORDINATION<br \/>\n<\/b>4 ESTA\u00c7\u00d5ES<\/p>\n<p><b>TRADUTORES E OPERADORES DE LEGENDAS<br \/>\nTRANSLATORS AND SUBTITLE OPERATORS<br \/>\n<\/b>ANNE FRYSZMAN<br \/>\nANNA LUISA ARA\u00daJO<br \/>\nBRUNA PEIXOTO<br \/>\nBRUNO MURTINHO<br \/>\nCAROL MEDEIROS<br \/>\nC\u00c9SAR ALARC\u00d3N<br \/>\nCLAUDIA BERTOLUCCI<br \/>\nCRIS SERRA<br \/>\nCYNTHIA SOIBELMAN<br \/>\nDENISE REZENDE<br \/>\nEDUARDO RIECHE<br \/>\nELEN CONTERATO<br \/>\nF\u00c1BIO PORTO<br \/>\nFERNANDA MARTINS<br \/>\nFL\u00c1VIO MAGALHAES<br \/>\nFRANCINE NOVO<br \/>\nHELENA PRATES<br \/>\nINDIRA VENTURA<br \/>\nISA CARVALHO<br \/>\nJ\u00d4 ZINELL<br \/>\nLEONARDO PEREIRA<br \/>\nLUDMILA DINIZ<br \/>\nLUIZA PORTO<br \/>\nMA\u00cdRA LOPEZ<br \/>\nM\u00c1RCIO PEREZ<br \/>\nMARIANNA MATUCK<br \/>\nNAIRA ASSIS<br \/>\nRENATA PENEDO<br \/>\nSANDRA JONES<br \/>\nVIN\u00cdCIUS NOGUEIRA<br \/>\nVIN\u00cdCIUS REIS<br \/>\nVLADIMIR FREIRE<br \/>\nWALCI VASCONCELOS<br \/>\nZ\u00c9 ROBERTO VALENTE<\/p>\n<p><b>TR\u00c1FEGO E REVIS\u00c3O DE C\u00d3PIAS<br \/>\nCOPIES TRAFFIC AND REVIEW<br \/>\n<\/b>CESAR RAMOS<br \/>\nGUSTAVO SANNA<\/p>\n<p><b>RECEPTIVO<br \/>\nRECEPTION STAFF<br \/>\n<\/b>SARA MONACO<br \/>\nLUCA LIMAS<br \/>\nLUCAS PETRILLI<br \/>\nTATIANA BOTELHO<br \/>\nMARIANA PORTELLATA (RJ)<\/p>\n<p><b>COORDENA\u00c7\u00c3O DE MONITORIA<br \/>\nMONITORING COORDINATION<br \/>\n<\/b>FABIANA AMORIM<\/p>\n<p><b>EQUIPE DE MONITORES<br \/>\nMONITORS TEAM<br \/>\n<\/b>ALEXANDRE AMORIM<br \/>\nALEXANDRE JUNIOR<br \/>\nANA NATCHAN<br \/>\nANDERSON CASSIO<br \/>\nCAROL BECH<br \/>\nERIKA OLIVEIRA<br \/>\nEVERTON LEE<br \/>\nFELIPE DAVI<br \/>\nPAMELA NATALI<br \/>\nRONALDO JANINI<br \/>\nTERESA SANCHES<br \/>\nRODRIGO PACHECO (RJ)<br \/>\nGUSTAVO HUNGRIA (RJ)<br \/>\nRAQUEL D\u2019 OLIVEIRA (RJ)<br \/>\nLEONA PEREEZ (RJ)<br \/>\nLILIANE BATISTA (RJ)<br \/>\nMARCELA MONTEIRO (RJ)<br \/>\nVIVIAN DIAS (RJ)<br \/>\nMILENA SANTANA (RJ)<\/p>\n<p><b>ASSESSORIA DE IMPRENSA<br \/>\nPRESS OFFICERS<br \/>\n<\/b><i>ATTI COMUNICA\u00c7\u00c3O E IDEIAS (SP)<\/i><br \/>\nELIZ FERREIRA E VALERIA BLANCO<br \/>\n<i>LEAD COMUNICA\u00c7\u00c3O (RJ)<\/i><br \/>\nFLAVIA TENORIO<\/p>\n<p><b>REDES SOCIAIS<br \/>\nSOCIAL MEDIA<br \/>\n<\/b>ADRIANO SANTOS<\/p>\n<p><b>FOTOS<br \/>\nPHOTOS<br \/>\n<\/b>IDA FELDMANN<br \/>\nCELSO TAVARES<\/td>\n<td valign=\"top\" width=\"5%\"><\/td>\n<td class=\"rdz\" valign=\"top\" width=\"30%\"><b>WEBSITE<br \/>\nWEBSITE<br \/>\n<\/b>RENATO VIVEIROS<\/p>\n<p><b>VIDEOCLIPES E MAKING OFF<br \/>\nVIDEO CLIPS AND MAKING OFF<br \/>\n<\/b>GERALDO ARCANJO<\/p>\n<p><b>CAMPANHA MIX BRASIL 2013<br \/>\nMIXBRASIL 2013 CAMPAIGN<br \/>\n<\/b><i>AG\u00caNCIA NEOGAMA<br \/>\n<\/i><br \/>\n<i>DIRE\u00c7\u00c3O DE CRIA\u00c7\u00c3O | CREATION DIRECTOR:<\/i><br \/>\nMARCIO RIBAS<\/p>\n<p><i>DIRE\u00c7\u00c3O GERAL DE CRIA\u00c7\u00c3O | GENERAL CREATION DIRECTOR:<\/i><br \/>\nALEXANDRE GAMA<\/p>\n<p><i>DIRETOR DE ARTE | ART DIRECTOR:\u00a0<\/i>DANIEL POLETTO<br \/>\n<i>REDATOR | COPYWRITER:\u00a0<\/i>RODRIGO SENRA<br \/>\n<i>DIRE\u00c7\u00c3O DE PRODU\u00c7\u00c3O | PRODUCTION DIRECTOR:<\/i>\u00a0MARIAH BAYEUX<br \/>\n<i>RTVC | RTVC:\u00a0<\/i>LUCIANA KLEY<br \/>\n<i>ATENDIMENTO | SUPPORT:\u00a0<\/i>VIVIAN CECCO<br \/>\n<i>FICHA T\u00c9CNICA | CREDITS:\u00a0<\/i>FILME<br \/>\n<i>T\u00cdTULO | TITLE:\u00a0<\/i>BOT\u00d5ES<br \/>\n<i>DIRE\u00c7\u00c3O | DIRECTOR:\u00a0<\/i>GANDJA MONTEIRO.<br \/>\n<i>DIRE\u00c7\u00c3O DE ARTE | ART DIRECTOR:<\/i>GUSTAVO BOCKOS<br \/>\n<i>DIRE\u00c7\u00c3O DE FOTOGRAFIA | DIRECTOR OF PHOTOGRAPHY:\u00a0<\/i>IVAN ABUJAMRA<br \/>\n<i>ATENDIMENTO\/GERENTE DE PROJETOS | SUPPORT\/PROJECT MANAGERS:\u00a0<\/i>MARKINHOS FAGUNDES, VICTORIA SCAFF, CLAUDIO COSTA.<br \/>\n<i>ASSISTENTE DE DIRE\u00c7\u00c3O | DIRECTION ASSISTANT:<\/i>\u00a0LUCIANA WASZAK E CAROL SALES.<br \/>\n<i>MONTAGEM | MONTAGE:\u00a0<\/i>GERMAN<br \/>\n<i>FINALIZA\u00c7\u00c3O | FINISHING:\u00a0<\/i>PAULO SAIAS<br \/>\n<i>PRODUTORA | PRODUCTION:\u00a0<\/i>A9 \u00c1UDIO<br \/>\n<i>PRODUTOR | PRODUCER:\u00a0<\/i>APOLLO 9, HENRIQUE RACZ, GABRIEL AGNELI<br \/>\n<i>ATENDIMENTO | SUPPORT:\u00a0<\/i>ROBERTO FARIA, CHARLES NOBILI<br \/>\n<i><\/i>SOUND DESIGN: SOM 3 E EDUARDO BARBOSA<\/p>\n<p><b>EDI\u00c7\u00c3O DE ARTE<br \/>\nART EDITOR<br \/>\n<\/b>DANILO BARROSO<\/p>\n<p><b>CAT\u00c1LOGO<br \/>\nCATALOGUE<br \/>\n<\/b><i>PROJETO GR\u00c1FICO | GRAPHIC DESIGNER:\u00a0<\/i>DANILO BARROSO<br \/>\n<i>REDA\u00c7\u00c3O | COPYWRITERS:\u00a0<\/i>ANDR\u00c9 FISCHER, DANILO BARROSO, FELIPE DINIZ, JO\u00c3O FEDERICI<br \/>\n<i>TRADU\u00c7\u00c3O\/REVIS\u00c3O | TRANSLATOR\/COPYEDITOR:\u00a0<\/i>ALINE NAOMI SASSAKI<\/p>\n<p><b>REALIZA\u00c7\u00c3O<br \/>\nREALIZATION<br \/>\n<\/b><img loading=\"lazy\" decoding=\"async\" src=\"http:\/\/festmixbrasil.provisorio.ws\/images\/pa_03.gif\" alt=\"\" width=\"198\" height=\"96\" border=\"0\" \/><\/p>\n<p><b>PRESID\u00caNCIA<br \/>\nCHIEF OFFICERS<br \/>\n<\/b>ANDR\u00c9 FISCHER<br \/>\nJO\u00c3O FEDERICI<\/p>\n<p><b>DIRETORIA<br \/>\nDIRECTORS<br \/>\n<\/b>THIAGO FERNANDES BRAZ<br \/>\nMARCO DONINI<\/p>\n<p><b>CONSELHO<br \/>\nCOUNCIL BOARD<br \/>\n<\/b>FRANCISCO ZELESNIKAR<br \/>\nADRIANA RIGOLIN<br \/>\nJOSELAINE FOGA\u00c7A<\/p>\n<p><b>ENDERE\u00c7O DE CONTATO<br \/>\nCONTACT ADDRESS<br \/>\n<\/b>RUA VIEIRA DE CARVALHO, 192<br \/>\nCJ. 21 &#8211; REP\u00daBLICA<br \/>\n01210020 &#8211; S\u00c3O PAULO &#8211; SP<\/td>\n<\/tr>\n<\/tbody>\n<\/table>\n<\/td>\n<\/tr>\n<\/tbody>\n<\/table>\n","protected":false},"excerpt":{"rendered":"<p>DIRE\u00c7\u00c3O DIRECTORS ANDR\u00c9 FISCHER JO\u00c3O FEDERICI DIRETOR ART\u00cdSTICO ARTISTIC DIRECTOR JO\u00c3O FEDERICI COMIT\u00ca DE SELE\u00c7\u00c3O DE FILMES FILM SELECTION COMMITTEE ANDR\u00c9 FISCHER ANDY GRAS CHRISTIAN SAGHAARD FELIPE DINIZ JO\u00c3O FEDERICI MICHAEL ST\u00dcTZ COORDENA\u00c7\u00c3O DE PROGRAMA\u00c7\u00c3O DE FILMES FILM PROGRAM COORDINATOR FELIPE DINIZ COORDENA\u00c7\u00c3O DE PRODU\u00c7\u00c3O PRODUCTION COORDINATOR JOSI GELLER PRODU\u00c7\u00c3O PRODUCTION ANDR\u00c9 FISCHER CLOVYS TORRES &hellip;<\/p>\n","protected":false},"author":3,"featured_media":0,"parent":0,"menu_order":0,"comment_status":"closed","ping_status":"closed","template":"","meta":{"footnotes":""},"class_list":["post-5552","page","type-page","status-publish","hentry"],"_links":{"self":[{"href":"https:\/\/acervo.mixbrasil.org.br\/21\/wp-json\/wp\/v2\/pages\/5552","targetHints":{"allow":["GET"]}}],"collection":[{"href":"https:\/\/acervo.mixbrasil.org.br\/21\/wp-json\/wp\/v2\/pages"}],"about":[{"href":"https:\/\/acervo.mixbrasil.org.br\/21\/wp-json\/wp\/v2\/types\/page"}],"author":[{"embeddable":true,"href":"https:\/\/acervo.mixbrasil.org.br\/21\/wp-json\/wp\/v2\/users\/3"}],"replies":[{"embeddable":true,"href":"https:\/\/acervo.mixbrasil.org.br\/21\/wp-json\/wp\/v2\/comments?post=5552"}],"version-history":[{"count":1,"href":"https:\/\/acervo.mixbrasil.org.br\/21\/wp-json\/wp\/v2\/pages\/5552\/revisions"}],"predecessor-version":[{"id":5553,"href":"https:\/\/acervo.mixbrasil.org.br\/21\/wp-json\/wp\/v2\/pages\/5552\/revisions\/5553"}],"wp:attachment":[{"href":"https:\/\/acervo.mixbrasil.org.br\/21\/wp-json\/wp\/v2\/media?parent=5552"}],"curies":[{"name":"wp","href":"https:\/\/api.w.org\/{rel}","templated":true}]}}