{"id":3733,"date":"2017-04-14T21:04:26","date_gmt":"2017-04-15T00:04:26","guid":{"rendered":"http:\/\/demo.aggressivemotions.com\/newslog\/?page_id=2"},"modified":"2018-08-17T23:30:11","modified_gmt":"2018-08-18T02:30:11","slug":"sample-page","status":"publish","type":"page","link":"https:\/\/acervo.mixbrasil.org.br\/20\/sample-page\/","title":{"rendered":"Quem Somos"},"content":{"rendered":"<h1 style=\"text-align: center;\"><strong><span class=\"sub\">Da trincheira para vitrine<\/span><\/strong><br \/>\n<img loading=\"lazy\" decoding=\"async\" src=\"http:\/\/anteriores.mixbrasil.org.br\/2012\/images\/spacer.gif\" alt=\"\" width=\"1\" height=\"8\" border=\"0\" \/><\/h1>\n<p>Muita coisa mudou no no mundo &#8211; e no Festival &#8211; do come\u00e7o dos anos 90 at\u00e9 hoje. A diversidade sexual deixou de ser vista como uma bizarrice para ocupar espa\u00e7o central nas discuss\u00f5es sobre direitos humanos nos cinco continentes.<\/p>\n<blockquote><p>No Brasil, no MixBrasil ali\u00e1s, cunhamos o termo GLS que possibilitou uma aproxima\u00e7\u00e3o mais tranquila dos simpatizantes e abriu espa\u00e7o para que os direitos LGBT fossem defendidos por todos aqueles sintonizados com os avan\u00e7os sociais e boas causas.<\/p><\/blockquote>\n<p>E a produ\u00e7\u00e3o cultural sobre o tema cresceu exponencialmente, deixando os circuitos alternativos e ocupando espa\u00e7os de Hollywood a Bollywood, chegando at\u00e9 o circuito comercial nacional.<\/p>\n<p>O desafio deixou de ser simplesmente encontrar espa\u00e7os para exibir \u201cfilmes gays\u201d, mas encontrar obras in\u00e9ditas e que continuem a desafiar o status quo. O que se traduz em uma programa\u00e7\u00e3o necessariamente mais bem pensada. Quest\u00f5es como Aids e sexualidade de pessoas com defici\u00eancia, por exemplo, sempre foram abordadas, mas o foco e modos de abordagem mudaram radicalmente nesse periodo.<\/p>\n<p>A produ\u00e7\u00e3o nacional tamb\u00e9m saiu do fundo do quintal e conquistou festivais em todo o mundo, a maior parte deles parceiros hist\u00f3ricos do MixBrasil. Hoje o Brasil \u00e9 um dos grandes produtores de curtas de tem\u00e1tica gls.<\/p>\n<p>Conseguimos chegar aos 20 anos com a maior edi\u00e7\u00e3o do MixBrasil, que a partir desse ano muda seu subt\u00edtulo para Festival de Cultura da Diversidade para valorizar as diversas manifesta\u00e7\u00f5es art\u00edsticas que se somaram ao audiovisual.<\/p>\n<p>O movimento de amplia\u00e7\u00e3o da programa\u00e7\u00e3o se consolida nesse ano com a chegada da literatura que se soma a teatro e m\u00fasica, j\u00e1 presentes em edi\u00e7\u00f5es anteriores.<\/p>\n<p>O teatro, por sinal, \u00e9 consagrado nessa edi\u00e7\u00e3o com estr\u00e9ias nacionais de pe\u00e7as e nundiais de leituras dram\u00e1ticas.<\/p>\n<blockquote><p>Tudo isso foi poss\u00edvel gracas ao apoio do p\u00fablico, que teve um forte aumento no ano passado, e ao fortalecimento de parcerias com a Prefeitura do Rio de Janeiro, da Secretaria da Cultura do Estado de S\u00e3o Paulo, do Minist\u00e9rio da Sa\u00fade e do SESC SP.<\/p><\/blockquote>\n<p><i>Sejam todos muito bem vindos ao 20\u00ba MixBrasil!<\/i><\/p>\n<p><b>Andr\u00e9 Fischer \/ Jo\u00e3o Federici<\/b><\/p>\n","protected":false},"excerpt":{"rendered":"<p>Da trincheira para vitrine Muita coisa mudou no no mundo &#8211; e no Festival &#8211; do come\u00e7o dos anos 90 at\u00e9 hoje. A diversidade sexual deixou de ser vista como uma bizarrice para ocupar espa\u00e7o central nas discuss\u00f5es sobre direitos humanos nos cinco continentes. No Brasil, no MixBrasil ali\u00e1s, cunhamos o termo GLS que possibilitou &hellip;<\/p>\n","protected":false},"author":7,"featured_media":0,"parent":0,"menu_order":0,"comment_status":"closed","ping_status":"closed","template":"","meta":{"footnotes":""},"class_list":["post-3733","page","type-page","status-publish","hentry"],"_links":{"self":[{"href":"https:\/\/acervo.mixbrasil.org.br\/20\/wp-json\/wp\/v2\/pages\/3733","targetHints":{"allow":["GET"]}}],"collection":[{"href":"https:\/\/acervo.mixbrasil.org.br\/20\/wp-json\/wp\/v2\/pages"}],"about":[{"href":"https:\/\/acervo.mixbrasil.org.br\/20\/wp-json\/wp\/v2\/types\/page"}],"author":[{"embeddable":true,"href":"https:\/\/acervo.mixbrasil.org.br\/20\/wp-json\/wp\/v2\/users\/7"}],"replies":[{"embeddable":true,"href":"https:\/\/acervo.mixbrasil.org.br\/20\/wp-json\/wp\/v2\/comments?post=3733"}],"version-history":[{"count":5,"href":"https:\/\/acervo.mixbrasil.org.br\/20\/wp-json\/wp\/v2\/pages\/3733\/revisions"}],"predecessor-version":[{"id":4016,"href":"https:\/\/acervo.mixbrasil.org.br\/20\/wp-json\/wp\/v2\/pages\/3733\/revisions\/4016"}],"wp:attachment":[{"href":"https:\/\/acervo.mixbrasil.org.br\/20\/wp-json\/wp\/v2\/media?parent=3733"}],"curies":[{"name":"wp","href":"https:\/\/api.w.org\/{rel}","templated":true}]}}